 1 + -2 + 0)
-2
Evaluate -6 - (-9 - -4 - -1).
-2
Evaluate (0 - -3) + 0 + -5.
-2
Calculate -4 + 6 + -8 + 6.
0
What is 0 + (8 - 3) + -4?
1
Calculate 0 - (-7 + 5 + 0).
2
What is (-6 - -5) + -7 + -2?
-10
1 + 5 + -4 + -3
-1
1 - ((-6 - -2 - 3) + 13)
-5
-1 - (-1 - 2) - (2 + 2)
-2
-2 + (-8 + 1 - -7)
-2
What is -3 + -2 + -1 - (1 - 1)?
-6
-1 - -2 - (1 + -4 + 1)
3
Evaluate -5 + (2 + -3 + 1 - 0).
-5
Calculate 4 + (-5 - (3 + (-4 - -3))).
-3
What is 5 + (-2 - (4 - -1))?
-2
Calculate (4 - 1) + -6 + (0 - -4).
1
What is (14 - 6 - 2) + -3 + 3?
6
What is the value of -5 + 17 - (-5 - (-10 - 1))?
6
-1 - (3 - -2 - (4 + -1))
-3
-10 + 12 + (-8 - -1)
-5
Calculate 15 - (-2 - (-4 - 7)).
6
What is (-1 - 2) + -17 + 24 + -10?
-6
Calculate 3 + (6 + -12 - 1).
-4
-2 + -4 + (-4 - -7)
-3
(5 - (14 + -10)) + 4 + 0
5
What is -5 - (1 + 2 - 9)?
1
Evaluate 5 + (-9 - (7 - 6)).
-5
What is 7 - 16 - ((-1 - -3) + -5)?
-6
What is 2 + 2 + -2 + 1?
3
Calculate 1 - -1 - (-4 + -1 + 2).
5
What is the value of 0 + -3 - (10 - -1 - 18)?
4
Calculate (0 - 0) + 3 - (1 - 1).
3
Evaluate -4 + 2 + 0 + 8 + -9.
-3
What is the value of 6 - (-2 - -3) - 9?
-4
Evaluate 6 + -10 + (-5 - 1) + 6.
-4
Evaluate -2 + 4 + -1 - (0 + -4).
5
(-5 - -10) + -5 + 0
0
14 + -17 - (-12 - -2)
7
What is (-37 - -26) + (17 - 1)?
5
Calculate -4 + 9 + -2 + -3 + -2.
-2
Evaluate (9 - (4 - (4 + -1))) + -6.
2
What is 7 + -8 - -7 - 9?
-3
4 - (2 + (0 - 3))
5
Evaluate 5 - (-3 + 4 - -1).
3
What is the value of 10 - -8 - 6 - 3?
9
Calculate 11 - (-1 - (5 - 14)).
3
Evaluate -8 - -10 - (9 - 2).
-5
Calculate 10 - (7 + 4) - -9.
8
(-4 - -9) + (-3 - (0 + 1))
1
What is the value of -5 + 1 - (-1 + 5 + -3)?
-5
What is the value of -7 + (-5 - -27) - 10?
5
5 - (-7 - -3 - (-4 - 0))
5
-13 - (-6 + 7 + 1 + -6)
-9
Evaluate (7 - (5 + 4)) + 0 + 4.
2
What is the value of 2 - (-8 + (14 - -1))?
-5
Calculate -1 - 1 - (24 - 27) - -3.
4
Calculate 2 + 0 + -1 + -2 - -1.
0
What is the value of 4 - (24 - 6 - 7) - -5?
-2
What is -1 + -3 - (4 + -6)?
-2
What is the value of -4 + (0 - -10) + -14?
-8
Calculate -1 + -7 + 1 + -14 + 15.
-6
Evaluate 56 + -36 - (8 + 2).
10
What is the value of -5 + -2 + (5 - (3 + 0))?
-5
Evaluate -7 - (8 + (-16 - -7)).
-6
5 - 0 - (6 - 6) - 3
2
Calculate -9 - -10 - (7 + 0).
-6
Calculate -1 + 3 - (-2 - (16 + -20)).
0
What is -1 + -1 + (5 - 3)?
0
Calculate -3 - (2 - (0 + 0)).
-5
What is 5 + 4 + 0 + -3 + -3?
3
What is 2 - (4 - -2 - 9)?
5
What is the value of -5 + 4 + 1 + -6 + 2?
-4
Evaluate 2 - (-2 - (-9 + 2 + 0)).
-3
What is 39 + -43 - (0 - 0)?
-4
1 + -13 + 5 + 6
-1
Evaluate (-21 - -8) + 4 + 18.
9
What is (7 - (-6 - -5)) + -5 - 0?
3
What is the value of -1 + (1 - -4) + (7 - 7)?
4
Calculate 2 + -2 - (-5 + 0 + 3).
2
Evaluate 2 + -2 + (0 - -1 - 1).
0
Evaluate 3 - 8 - (4 + 5 + -11).
-3
What is the value of (-7 - (-7 - -3)) + 1?
-2
What is -16 + 13 + 15 + -6?
6
(-2 - (8 + -16)) + -14 + -2
-10
What is the value of -8 - -2 - (8 + -9)?
-5
What is -1 - ((1 - 4) + 4)?
-2
What is the value of 0 + (4 - 1) + (1 - 4)?
0
(4 + -8 - -2 - -7) + -4
1
Calculate (25 - 31) + 3 + -7.
-10
What is 8 - (8 - 3) - (0 - -1)?
2
What is the value of 2 + 2 - (4 - (3 + -6))?
-3
What is -3 + (7 - -4) - 10?
-2
Calculate 1 - (-1 - (3 - -1)) - 2.
4
Calculate 9 + -6 - (-2 + (6 - -2)).
-3
(6 + -5 - -2) + -8
-5
Evaluate -3 + (0 - (4 - 3)).
-4
Evaluate 1 - 5 - (-3 + 1).
-2
What is -5 - (-3 + 8 - 6)?
-4
What is (-12 + 10 - (2 + 0)) + 2?
-2
Calculate (6 - -3) + (-38 - -25).
-4
What is the value of 0 + -20 + 10 - -3?
-7
What is the value of 4 + 2 + 1 - 12?
-5
Calculate 19 + -10 - (-5 + (16 - 5)).
3
3 + (5 + -1 - (-26 + 38))
-5
What is the value of 0 - (-9 + 6 - -4) - 5?
-6
What is the value of 4 + 4 + -9 + 6?
5
Calculate 2 + -2 + 11 + -5 + -4.
2
(4 - (3 + 4 - -2)) + -1
-6
Calculate 5 + (2 - 0) + -8 - 0.
-1
Evaluate -1 - 1 - 5 - -2.
-5
Calculate -7 + 1 + (-1 - (2 - 7)).
-2
Evaluate (-3 - -6) + -6 + 1 + 0.
-2
0 + (6 - 1) - (27 - 23)
1
What is the value of -2 + (-1 - 0) + -1 + 2?
-2
Calculate (3 - (0 - -3)) + (-2 - 0).
-2
Evaluate (-3 - -7 - -2) + 6 + -10.
2
What is (4 - -3) + -3 - 2?
2
Evaluate 2 + (3 - ((1 - 3) + 4)).
3
-8 + (1 - -1 - (-64 - -69))
-11
What is (-3 - 9) + -3 + 7?
-8
What is -1 - (-6 - (-1 + 1))?
5
What is the value of -3 + 0 + 5 + -4 - 3?
-5
What is -9 + 2 + -2 + 5 - -3?
-1
What is -8 + 1 + 3 + (-4 - -8)?
0
What is the value of -14 + (0 - -10 - (-6 - -9))?
-7
Calculate 8 + -2 - (4 - 22 - -25).
-1
What is -11 - ((-3 - -9) + -12)?
-5
Evaluate -4 - (3 + -1 + -9).
3
Evaluate -7 + 16 + 3 + -9 + 3.
6
Calculate -1 - (-4 - (8 - 3)).
8
Calculate -2 + 11 + -6 + -9 + -2.
-8
What is the value of 2 + (0 - 3) - -2?
1
Evaluate 5 + -4 + -5 + 2.
-2
Calculate 3 + (-5 - (0 - 1)).
-1
Calculate 109 + -102 + 1 + (-6 - -1).
3
What is the value of 6 + (-4 - 1) - -4?
5
Evaluate -3 - (12 + -10 - (-1 - -5)).
-1
What is the value of 3 - (-5 + 9) - (-8 + 2)?
5
Evaluate -13 + (-12 - -18) - (-2 + 1).
-6
1 + 1 + (-4 - (0 + -4))
2
What is (1 - 0) + (-25 - -21)?
-3
1 + -8 + 6 + 0 + 1
0
Calculate 6 - (16 - 6) - (1 + 0).
-5
Calculate (6 - (1 + 2) - 10) + 2.
-5
Calculate ((4 - 5) + 5 - 1) + 2.
5
What is the value of 6 - ((-8 + 7 - 4) + 7)?
4
Calculate -4 - (4 - -1 - 6).
-3
Calculate (5 - -6 - 5) + 0 + -14.
-8
What is the value of -2 - (-3 + 0 + -1 + -1)?
3
Calculate 0 + -12 + 13 + (0 - 1).
0
Calculate (-2 - -7) + (0 - 6).
-1
What is the value of 5 - (1 + 3 - 4) - 3?
2
Calculate 1 + (5 - -5 - (8 + -2)).
5
What is the value of -6 - (2 - -6 - 7)?
-7
Evaluate -3 + 8 + -9 + 3.
-1
What is the value of 3 - 5 - (-7 + (4 - -9))?
-8
-3 + 2 + (-2 + 1 - -2)
0
What is the value of -3 - (-1 - (-2 - 1) - 3)?
-2
What is (-1 + 3 - (6 + -4)) + -3?
-3
What is (1 - 1) + (9 - 5) + 0?
4
What is 9 - (24 + 9 + -18)?
-6
What is 24 + -29 + (1 - -10)?
6
Evaluate 6 - (-1 - 4 - -12).
-1
What is the value of -8 + 5 + -4 + 1 + 4?
-2
What is the value of 11 - (9 + 0 + 4)?
-2
(-1 - -3) + 1 + (-6 - -6)
3
What is the value of (-5 - -8) + (-5 - -2) + -6?
-6
Evaluate 2 + 2 + -4 + 2 + -3.
-1
What is -6 - (-1 - 5) - 4?
-4
Calculate 3 + -14 + 8 + 10.
7
What is the value of 5 + 1 - (1 + 4 - 2)?
3
What is (0 - -2) + -11 + 11 + 3?
5
What is (1 - -4 - 4 - 1) + -1?
-1
(3 - (11 - 4)) + 9
5
Evaluate (4 + 0 - 3) + -6.
-5
7 + (4 - 0 - 7)
4
What is the value of -3 - (0 - -2 - 1)?
-4
Evaluate -12 + -2 - (-3 + -2).
-9
Calculate 4 + -4 + -2 + (3 - 2).
-1
What is (0 - 5 - (-37 - -27)) + -2?
3
What is -2 - (-1 + 4 - (-3 + 4))?
-4
Calculate 1 + -14 + (-103 - -107).
-9
Evaluate -9 + 7 + 9 - (18 - 1).
-10
-10 - (-2 - 5) - (-2 + 6)
-7
What is the value of 4 - 2 - 3 - (-19 + 12)?
6
Evaluate -3 - (4 + -6 + -2 - -2).
-1
Calculate (7 - 2) + (-7 - 2).
-4
Calculate (17 + -3 - 13) + (-4 - 1).
-4
What is 0 + -4 + (2 - -5)?
3
Evaluate -6 + -1 + 1 + 6 + -2.
-2
Calculate 9 - (5 - 1) - 2.
3
-6 - (-4 - -1 - -3 - 1)
-5
-3 + 7 + (-7 - -3)
0
Calculate (57 - 55) + (-2 - -7).
7
Calculate 2 - (-1 - (2 - 6)).
-1
Calculate 5 + (6 - (4 - -2)).
5
-1 - -7 - (31 + -14 - 2)
-9
Calculate (2 - -2) + -3 - -3.
4
Evaluate 64 - 67 - (-6 + 2 + -1).
2
What is 0 + (5 - -1 - 13) + 3?
-4
What is the value of -11 + (16 - (21 + -7))?
-9
What is (-1 - 0 - (-5 + 2)) + -3?
-1
Calculate 24 + -13 - (0 - -3).
8
What is -5 - (2 + -1) - (-156 + 145)?
5
(1 - (9 + -4)) + 9
5
Calculate 2 + (5 - ((6 - -1) + -2)).
2
Evaluate (-7 - -1) + 3 + -11 + 11.
-3
Calculate -4 + -4 + 1 - -4.
-3
What is the value of (-14 - (5 + -10)) + 10?
1
Calculate (3 - 4) + (-1 - -1) + -4.
-5
(2 - (-7 - -5 - -9)) + 6
1
-4 - (11 + -13) - 5
-7
Evaluate 5 + -1 - (-1 - -6 - 6).
5
What is 38 + -31 + (-3 + 5 - 5)?
4
Calculate -4 + 0 + 4 + 7 + -11.
-4
What is -2 + -3 + 6 + -4 + 5?
2
What is (5 - 0) + 1 - (8 - 4)?
2
Calculate (3 - (3 + -2)) + (0 - 7).
-5
1 + 15 + (-1 - (12 - 5))
8
Evaluate -4 - (3 + -4 + -3 + 5).
-5
-9 - (10 - 27) - 4
4
What is the value of (-13 - (6 - 12)) + 13?
6
Evaluate -2 + -2 - (27 - 23).
-8
What is 8 + -18 + 4 + 3 + -3?
-6
(4 + 1 - 10) + 0 + 11
6
What is -3 - (2 + -7 - (-1 - 1))?
0
(5 - 2 - 5) + -2
-4
Calculate 4 - (11 - (4 - -2) - 0).
-1
5 + (-5 - -8) + -1 - 2
5
Evaluate 4 + -12 + 4 + 1.
-3
-4 + -1 + (9 - 0)
4
What is the value of (90 - 84) + (2 + 0 - 4)?
4
Evaluate -2 + (17 - 5 - (-2 - -5)).
7
What is 1 + (-5 - 0) - -3?
-1
Calculate 7 + (4 - 0 - 16).
-5
Calculate (-2 - 4) + -12 + 14.
-4
What is the value of 7 - -2 - (-1 + 5)?
5
